{"id":31,"date":"2023-08-23T10:59:52","date_gmt":"2023-08-23T10:59:52","guid":{"rendered":"https:\/\/taxfix.com.pl\/?page_id=31"},"modified":"2024-01-16T11:59:51","modified_gmt":"2024-01-16T11:59:51","slug":"dochody-transgraniczne","status":"publish","type":"page","link":"https:\/\/taxfix.com.pl\/index.php\/dochody-transgraniczne\/","title":{"rendered":"DOCHODY TRANSGRANICZNE"},"content":{"rendered":"<style>\/*! elementor - v3.15.0 - 20-08-2023 *\/\n.elementor-heading-title{padding:0;margin:0;line-height:1}.elementor-widget-heading .elementor-heading-title[class*=elementor-size-]>a{color:inherit;font-size:inherit;line-height:inherit}.elementor-widget-heading .elementor-heading-title.elementor-size-small{font-size:15px}.elementor-widget-heading .elementor-heading-title.elementor-size-medium{font-size:19px}.elementor-widget-heading .elementor-heading-title.elementor-size-large{font-size:29px}.elementor-widget-heading .elementor-heading-title.elementor-size-xl{font-size:39px}.elementor-widget-heading .elementor-heading-title.elementor-size-xxl{font-size:59px}<\/style>\n<h2>Dochody transgraniczne <\/h2>\n<p style=\"text-align: justify;\">Wielu Polak\u00f3w posiada \u017ar\u00f3d\u0142a dochodu zagraniczne \u2013 od um\u00f3w o prac\u0119 czy kontakt\u00f3w, poprzez udzia\u0142y w sp\u00f3\u0142kach czy nieruchomo\u015bci. <\/p>\n<p>Skontaktuj si\u0119 z nami. Pomagamy znale\u017a\u0107 optymalne formy opodatkowania.<\/p>\n<style>\/*! elementor - v3.15.0 - 20-08-2023 *\/\n.elementor-widget-image{text-align:center}.elementor-widget-image a{display:inline-block}.elementor-widget-image a img[src$=\".svg\"]{width:48px}.elementor-widget-image img{vertical-align:middle;display:inline-block}<\/style>\n<p>\t\t\t\t\t\t\t\t\t\t\t\t<img decoding=\"async\" width=\"408\" height=\"131\" src=\"https:\/\/taxfix.com.pl\/wp-content\/uploads\/2023\/08\/kontakt-tlo.png\" alt=\"\" loading=\"lazy\" srcset=\"https:\/\/taxfix.com.pl\/wp-content\/uploads\/2023\/08\/kontakt-tlo.png 408w, https:\/\/taxfix.com.pl\/wp-content\/uploads\/2023\/08\/kontakt-tlo-300x96.png 300w\" sizes=\"auto, (max-width: 408px) 100vw, 408px\" \/>\t\t\t\t\t\t\t\t\t\t\t\t\t\t\t<\/p>\n<h2>KONTAKT<\/h2>\n\n<div class=\"wpcf7 no-js\" id=\"wpcf7-f304-o1\" lang=\"pl-PL\" dir=\"ltr\">\n<div class=\"screen-reader-response\"><p role=\"status\" aria-live=\"polite\" aria-atomic=\"true\"><\/p> <ul><\/ul><\/div>\n<form action=\"\/index.php\/wp-json\/wp\/v2\/pages\/31#wpcf7-f304-o1\" method=\"post\" class=\"wpcf7-form init\" aria-label=\"Formularz kontaktowy\" novalidate=\"novalidate\" data-status=\"init\">\n<div style=\"display: none;\">\n<input type=\"hidden\" name=\"_wpcf7\" value=\"304\" \/>\n<input type=\"hidden\" name=\"_wpcf7_version\" value=\"5.8\" \/>\n<input type=\"hidden\" name=\"_wpcf7_locale\" value=\"pl_PL\" \/>\n<input type=\"hidden\" name=\"_wpcf7_unit_tag\" value=\"wpcf7-f304-o1\" \/>\n<input type=\"hidden\" name=\"_wpcf7_container_post\" value=\"0\" \/>\n<input type=\"hidden\" name=\"_wpcf7_posted_data_hash\" value=\"\" \/>\n<input type=\"hidden\" name=\"_uacf7_hidden_conditional_fields\" value=\"\" \/>\n<\/div>\n            <style>\n                :root {\n                    --uacf7-slider-Selection-Color: #1e90ff;\n                    --uacf7-slider-handle-color: #3498db;\n                    --uacf7-slider-handle-width: 24px;\n                    --uacf7-slider-handle-height: 24px;\n                    --uacf7-slider-handle-border-radius: 24px;\n                    --uacf7-slider-range-slider-height: 9px;\n                }\n                .uacf7-form-304 .ui-slider-horizontal .ui-slider-range {\n                    background-color: #1e90ff;\n                    height: 9px;\n                }\n                .uacf7-form-304 .ui-widget.ui-widget-content {\n                    height: 9px;\n                    border: 1px solid #1e90ff;\n                    background-color: #EEE;\n                }\n                .uacf7-form-304 .ui-state-default, .ui-widget-content .ui-state-default{\n                    background-color: #3498db;\n                    width: 24px;\n                    height: 24px;\n                    border-radius: 24px;\n                    cursor: pointer;\n                    border: none !important;\n                    top: -8px;\n                    position: absolute;\n                    \n                }\n              \n                .uacf7-form-304 .ui-slider-horizontal .ui-slider-handle {\n                    top: -8.5px;\n                }\n                .uacf7-form-304 input[type=range] {\n                    background-color: #1e90ff;\n                    height: 9px;\n                    border-radius: 5px;\n                }\n                .uacf7-form-304 .ui-slider-horizontal{\n                    height: 9px;\n                }\n                .uacf7-form-304 .uacf7-slider::-webkit-slider-thumb {\n                    -webkit-appearance: none;\n                    appearance: none;\n                    width: 24px;\n                    height: 24px;\n                    background:#3498db;\n                    border-radius: 24px;\n                    cursor: pointer;\n                }\n\n                .uacf7-form-304 .uacf7-slider::-moz-range-thumb {\n                    width: 24px;\n                    height: 24px;\n                    background: #3498db;\n                    border-radius: 24px;\n                    cursor: pointer;\n                }\n            <\/style>\n\n            <div class=\"uacf7-form-304\">                <style>\n                    .uacf7-uacf7style-304 label {\n                        color: #282d40;\n                        background-color: ;\n                        font-size: px;\n                        font-family: ;\n                        font-style: normal;\n                        font-weight: normal;\n                        padding-top: px;\n                        padding-right: px;\n                        padding-bottom: px;\n                        padding-left: px;\n                        margin-top: px;\n                        margin-right: px;\n                        margin-bottom: px;\n                        margin-left: px;\n                    }\n                    .uacf7-uacf7style-304 input[type=\"email\"],\n                    .uacf7-uacf7style-304 input[type=\"number\"],\n                    .uacf7-uacf7style-304 input[type=\"password\"],\n                    .uacf7-uacf7style-304 input[type=\"search\"],\n                    .uacf7-uacf7style-304 input[type=\"tel\"],\n                    .uacf7-uacf7style-304 input[type=\"text\"],\n                    .uacf7-uacf7style-304 input[type=\"url\"],\n                    .uacf7-uacf7style-304 input[type=\"date\"],\n                    .uacf7-uacf7style-304 select,\n                    .uacf7-uacf7style-304 textarea {\n                        color: ;\n                        background-color: ;\n                        font-size: px;\n                        font-family: ;\n                        font-style: normal;\n                        font-weight: normal;\n                        height: px;\n                        border-width: px;\n                        border-color: ;\n                        border-style: brak;\n                        border-radius: px;\n                        padding-top: px;\n                        padding-right: px;\n                        padding-bottom: px;\n                        padding-left: px;\n                        margin-top: px;\n                        margin-right: px;\n                        margin-bottom: px;\n                        margin-left: px;\n                    }\n                    .uacf7-uacf7style-304 .wpcf7-radio span,\n                    .uacf7-uacf7style-304 .wpcf7-checkbox span {\n                        color: ;\n                        font-size: px;\n                        font-family: ;\n                        font-style: normal;\n                        font-weight: normal;\n                    }\n                    .uacf7-uacf7style-304 textarea {\n                        height: 100px;\n                    }\n                    .wpcf7-form-control-wrap select {\n                        width: 100%;\n                    }\n                    .uacf7-uacf7style-304 input[type=\"submit\"] {\n                        color: #ffffff;\n                        background-color: #282d40;\n                        font-size: px;\n                        font-family: ;\n                        font-style: normal;\n                        font-weight: normal;\n                        border-width: px;\n                        border-color: ;\n                        border-style: brak;\n                        border-radius: px;\n                        width: ;\n                        padding-top: px;\n                        padding-right: px;\n                        padding-bottom: px;\n                        padding-left: px;\n                        margin-top: 16px;\n                        margin-right: px;\n                        margin-bottom: px;\n                        margin-left: px;\n                    }\n                    .uacf7-uacf7style-304 input[type=\"submit\"]:hover {\n                        color: #282d40;\n                        background-color: #ffffff;\n                        border-color: ;\n                    }\n                                    <\/style>\n                <div class=\"uacf7-uacf7style-304\"><div class=\"uacf7-form-304\"><label> Imi\u0119 i nazwisko\n    <span class=\"wpcf7-form-control-wrap\" data-name=\"your-name\"><input size=\"40\" class=\"wpcf7-form-control wpcf7-text wpcf7-validates-as-required\" autocomplete=\"name\" aria-required=\"true\" aria-invalid=\"false\" value=\"\" type=\"text\" name=\"your-name\" \/><\/span> <\/label>\n\n<label> e-mail\n    <span class=\"wpcf7-form-control-wrap\" data-name=\"your-email\"><input size=\"40\" class=\"wpcf7-form-control wpcf7-email wpcf7-validates-as-required wpcf7-text wpcf7-validates-as-email\" autocomplete=\"email\" aria-required=\"true\" aria-invalid=\"false\" value=\"\" type=\"email\" name=\"your-email\" \/><\/span> <\/label>\n\n<label> tre\u015b\u0107 wiadomo\u015bci\n    <span class=\"wpcf7-form-control-wrap\" data-name=\"your-message\"><textarea cols=\"40\" rows=\"10\" class=\"wpcf7-form-control wpcf7-textarea\" aria-invalid=\"false\" name=\"your-message\"><\/textarea><\/span> <\/label>\n\n<input class=\"wpcf7-form-control wpcf7-submit has-spinner\" type=\"submit\" value=\"Wy\u015blij\" \/><\/div><\/div><\/div><div class=\"wpcf7-response-output\" aria-hidden=\"true\"><\/div>\n<\/form>\n<\/div>\n\n<style>\/*! elementor - v3.15.0 - 20-08-2023 *\/\n.elementor-widget-divider{--divider-border-style:none;--divider-border-width:1px;--divider-color:#0c0d0e;--divider-icon-size:20px;--divider-element-spacing:10px;--divider-pattern-height:24px;--divider-pattern-size:20px;--divider-pattern-url:none;--divider-pattern-repeat:repeat-x}.elementor-widget-divider .elementor-divider{display:flex}.elementor-widget-divider .elementor-divider__text{font-size:15px;line-height:1;max-width:95%}.elementor-widget-divider .elementor-divider__element{margin:0 var(--divider-element-spacing);flex-shrink:0}.elementor-widget-divider .elementor-icon{font-size:var(--divider-icon-size)}.elementor-widget-divider .elementor-divider-separator{display:flex;margin:0;direction:ltr}.elementor-widget-divider--view-line_icon .elementor-divider-separator,.elementor-widget-divider--view-line_text .elementor-divider-separator{align-items:center}.elementor-widget-divider--view-line_icon .elementor-divider-separator:after,.elementor-widget-divider--view-line_icon .elementor-divider-separator:before,.elementor-widget-divider--view-line_text .elementor-divider-separator:after,.elementor-widget-divider--view-line_text .elementor-divider-separator:before{display:block;content:\"\";border-bottom:0;flex-grow:1;border-top:var(--divider-border-width) var(--divider-border-style) var(--divider-color)}.elementor-widget-divider--element-align-left .elementor-divider .elementor-divider-separator>.elementor-divider__svg:first-of-type{flex-grow:0;flex-shrink:100}.elementor-widget-divider--element-align-left .elementor-divider-separator:before{content:none}.elementor-widget-divider--element-align-left .elementor-divider__element{margin-left:0}.elementor-widget-divider--element-align-right .elementor-divider .elementor-divider-separator>.elementor-divider__svg:last-of-type{flex-grow:0;flex-shrink:100}.elementor-widget-divider--element-align-right .elementor-divider-separator:after{content:none}.elementor-widget-divider--element-align-right .elementor-divider__element{margin-right:0}.elementor-widget-divider:not(.elementor-widget-divider--view-line_text):not(.elementor-widget-divider--view-line_icon) .elementor-divider-separator{border-top:var(--divider-border-width) var(--divider-border-style) var(--divider-color)}.elementor-widget-divider--separator-type-pattern{--divider-border-style:none}.elementor-widget-divider--separator-type-pattern.elementor-widget-divider--view-line .elementor-divider-separator,.elementor-widget-divider--separator-type-pattern:not(.elementor-widget-divider--view-line) .elementor-divider-separator:after,.elementor-widget-divider--separator-type-pattern:not(.elementor-widget-divider--view-line) .elementor-divider-separator:before,.elementor-widget-divider--separator-type-pattern:not([class*=elementor-widget-divider--view]) .elementor-divider-separator{width:100%;min-height:var(--divider-pattern-height);-webkit-mask-size:var(--divider-pattern-size) 100%;mask-size:var(--divider-pattern-size) 100%;-webkit-mask-repeat:var(--divider-pattern-repeat);mask-repeat:var(--divider-pattern-repeat);background-color:var(--divider-color);-webkit-mask-image:var(--divider-pattern-url);mask-image:var(--divider-pattern-url)}.elementor-widget-divider--no-spacing{--divider-pattern-size:auto}.elementor-widget-divider--bg-round{--divider-pattern-repeat:round}.rtl .elementor-widget-divider .elementor-divider__text{direction:rtl}.e-con-inner>.elementor-widget-divider,.e-con>.elementor-widget-divider{width:var(--container-widget-width,100%);--flex-grow:var(--container-widget-flex-grow)}<\/style>\n<p>\t\t\t\t\t\t\t\t\t\t\t\t\t\t\t<img decoding=\"async\" width=\"408\" height=\"131\" src=\"https:\/\/taxfix.com.pl\/wp-content\/uploads\/2023\/08\/medal-tlo2.png\" alt=\"\" loading=\"lazy\" srcset=\"https:\/\/taxfix.com.pl\/wp-content\/uploads\/2023\/08\/medal-tlo2.png 408w, https:\/\/taxfix.com.pl\/wp-content\/uploads\/2023\/08\/medal-tlo2-300x96.png 300w\" sizes=\"auto, (max-width: 408px) 100vw, 408px\" \/>\t\t\t\t\t\t\t\t\t\t\t\t\t\t\t<\/p>\n<h2>LOREM IPSUM<\/h2>\n<h2>LOREM IPSUM<\/h2>\n<h2>LOREM IPSUM<\/h2>\n<h2>LOREM IPSUM<\/h2>\n<h2>LOREM IPSUM<\/h2>\n<h2>LOREM IPSUM<\/h2>\n<p>\t\t\t\t\t\t\t\t\t\t\t\t\t\t\t<img decoding=\"async\" width=\"408\" height=\"131\" src=\"https:\/\/taxfix.com.pl\/wp-content\/uploads\/2023\/08\/medal-tlo2.png\" alt=\"\" loading=\"lazy\" srcset=\"https:\/\/taxfix.com.pl\/wp-content\/uploads\/2023\/08\/medal-tlo2.png 408w, https:\/\/taxfix.com.pl\/wp-content\/uploads\/2023\/08\/medal-tlo2-300x96.png 300w\" sizes=\"auto, (max-width: 408px) 100vw, 408px\" \/>\t\t\t\t\t\t\t\t\t\t\t\t\t\t\t<\/p>\n<h2>LOREM IPSUM<\/h2>\n","protected":false},"excerpt":{"rendered":"<p>Dochody transgraniczne Wielu Polak\u00f3w posiada \u017ar\u00f3d\u0142a dochodu zagraniczne \u2013 od um\u00f3w o prac\u0119 czy kontakt\u00f3w, poprzez udzia\u0142y w sp\u00f3\u0142kach czy nieruchomo\u015bci. Skontaktuj si\u0119 z nami. Pomagamy znale\u017a\u0107 optymalne formy opodatkowania. KONTAKT LOREM IPSUM LOREM IPSUM LOREM IPSUM LOREM IPSUM LOREM IPSUM LOREM IPSUM LOREM IPSUM<\/p>\n","protected":false},"author":1,"featured_media":0,"parent":0,"menu_order":0,"comment_status":"closed","ping_status":"closed","template":"","meta":{"site-sidebar-layout":"no-sidebar","site-content-layout":"page-builder","ast-site-content-layout":"","site-content-style":"default","site-sidebar-style":"default","ast-global-header-display":"","ast-banner-title-visibility":"","ast-main-header-display":"","ast-hfb-above-header-display":"","ast-hfb-below-header-display":"","ast-hfb-mobile-header-display":"","site-post-title":"disabled","ast-breadcrumbs-content":"","ast-featured-img":"disabled","footer-sml-layout":"","theme-transparent-header-meta":"","adv-header-id-meta":"","stick-header-meta":"","header-above-stick-meta":"","header-main-stick-meta":"","header-below-stick-meta":"","astra-migrate-meta-layouts":"","_themeisle_gutenberg_block_has_review":false,"footnotes":""},"class_list":["post-31","page","type-page","status-publish","hentry"],"_links":{"self":[{"href":"https:\/\/taxfix.com.pl\/index.php\/wp-json\/wp\/v2\/pages\/31","targetHints":{"allow":["GET"]}}],"collection":[{"href":"https:\/\/taxfix.com.pl\/index.php\/wp-json\/wp\/v2\/pages"}],"about":[{"href":"https:\/\/taxfix.com.pl\/index.php\/wp-json\/wp\/v2\/types\/page"}],"author":[{"embeddable":true,"href":"https:\/\/taxfix.com.pl\/index.php\/wp-json\/wp\/v2\/users\/1"}],"replies":[{"embeddable":true,"href":"https:\/\/taxfix.com.pl\/index.php\/wp-json\/wp\/v2\/comments?post=31"}],"version-history":[{"count":4,"href":"https:\/\/taxfix.com.pl\/index.php\/wp-json\/wp\/v2\/pages\/31\/revisions"}],"predecessor-version":[{"id":376,"href":"https:\/\/taxfix.com.pl\/index.php\/wp-json\/wp\/v2\/pages\/31\/revisions\/376"}],"wp:attachment":[{"href":"https:\/\/taxfix.com.pl\/index.php\/wp-json\/wp\/v2\/media?parent=31"}],"curies":[{"name":"wp","href":"https:\/\/api.w.org\/{rel}","templated":true}]}}